(k) = -12 + 2 + 1 + k**2 - 5*k. Let x(v) = -v**3 - 4*v**2 - 5*v + 2. Let z be x(-3). Calculate the remainder when 27 is divided by y(z).
12
Let t(h) = h**2 - 6. Suppose -34*b = 264 - 3222. What is the remainder when b is divided by t(-6)?
27
Suppose -2*j - 3*j = 2*b - 1132, -j - 3*b = -216. Calculate the remainder when j is divided by 21.
18
Let v(z) = 36*z + 328. Calculate the remainder when 35/2 + 1/2 is divided by v(-9).
2
Suppose -78 + 18 = -4*r. Calculate the remainder when 117 is divided by r.
12
Let a = -168 - -267. Suppose a*y - 98*y - 7 = 0. Suppose -26 = -2*d + d. Calculate the remainder when d is divided by y.
5
Let x(l) = -l**2 + 8*l - 8. Let o(u) = -u**3 - u**2 + 6. Let j be o(0). What is the remainder when 6 is divided by x(j)?
2
Suppose -27 + 129 = 2*l. Suppose -3*a + 7*a - 117 = 5*y, -2*a + 51 = 5*y. What is the remainder when l is divided by a?
23
Let g(a) = a**3 + 21*a**2 - 40*a + 155. What is the remainder when 45 is divided by g(-23)?
11
Suppose 4*c - 2*c - 2*z = 18, -4*c = z - 61. Let x = c + 1. Calculate the remainder when 57 is divided by x.
12
Suppose -6*k + 412 + 188 = 0. Let z = -24 + k. Calculate the remainder when z is divided by 26.
24
Suppose p + p - 19 = -5*i, 4*p - 3*i = -1. Suppose -p*x = -3*x + 92. Suppose 7*m - x = 5*m. What is the remainder when m is divided by 16?
14
Let l(a) = -5*a - 5. Suppose 0 = 2*w - 8 + 16. What is the remainder when 57 is divided by l(w)?
12
Suppose 23*c = -2*m + 20*c + 1084, -5*m + 5*c = -2735. Calculate the remainder when m is divided by 19.
13
Suppose 18*y - 76 = 14*y. Suppose -2*t - 2*r = r - 59, -2*t + 66 = -4*r. Let i = t - y. What is the remainder when 22 is divided by i?
10
Let a = 1502 - 1476. What is the remainder when 318 is divided by a?
6
Let d = -2887 - -1977. What is the remainder when 2*(d/(-4))/7 is divided by 11?
10
Let s(v) = 2*v + 4. Let a(y) = 1. Let b(h) = -2*a(h) + s(h). Suppose -4*z - 3 = -3*f, 0*f = -f + 1. What is the remainder when b(z) is divided by 2?
0
Let t = -2013 - -2025. Suppose 4*b - x - 6 = 10, 4*b + 3*x - 32 = 0. Let v = 9 - b. Calculate the remainder when t is divided by v.
0
Let z(j) = 16*j**2 + 87*j - 6. What is the remainder when z(-9) is divided by 15?
12
Let p(l) = l**3 - 10*l**2 + 11*l - 11. Let m(a) = -a**2 + 10*a. Let q = 5 + 4. Let r be m(q). Calculate the remainder when 11 is divided by p(r).
4
Let z(v) = -4 + 31*v + 23*v + 5 - 14*v. Suppose -4*k + 11 = -3*j + 28, 3*k - 3 = -3*j. Calculate the remainder when z(j) is divided by 31.
28
Calculate the remainder when (-540)/(-2) - (8 + -11) is divided by 35.
28
Suppose -91*g + 45*g = -874. Suppose 0 = 2*s + 2 - 10, -2*v + 38 = 5*s. Calculate the remainder when g is divided by v.
1
Let l(v) = 51*v**2 - v + 1. Calculate the remainder when 54 is divided by l(1).
3
Let w(r) = r**3 - 11*r**2 - 20*r + 39. What is the remainder when w(13) is divided by 22?
7
Let n(o) be the second derivative of -o**3/3 + 14*o. Let h = -5 - -9. What is the remainder when n(-7) is divided by h?
2
Let x = 10 + 32. Suppose -3*v + d = -x, 2*v + d - 35 = 4*d. Let y(n) = -n**2 + n + 24. What is the remainder when y(0) is divided by v?
11
Suppose -2*m + 18 = 2*p, -7*m + 12*m + 35 = 5*p. Calculate the remainder when 14 is divided by p.
6
Let t = -47 + 47. Calculate the remainder when t + 1/(-6) + (-342)/(-108) is divided by 2.
1
Calculate the remainder when 75 is divided by 1/((6 - (-15)/(-4)) + -2).
3
Let x(r) = r**3 + 4*r**2 - 10*r - 9. Let v be x(-6). Let c be (v/(-14))/((-3)/(-10)). Suppose 33 = 2*o + c. Calculate the remainder when o is divided by 6.
2
Let r be (-7 + -1 - 0)/1. Suppose -p - 4*p = 15. Let s = p - r. Calculate the remainder when s is divided by 3.
2
Suppose -3*d + 360 = 2*d + 2*g, g = -5. Calculate the remainder when d is divided by 9.
2
Let p = -27 - -34. Suppose 12 = -3*s + 9, m - 4*s - p = 0. What is the remainder when 5 is divided by m?
2
Let x(f) = -f**3 - 7*f**2 - 6*f + 5. Let z be x(-6). Suppose -z*t = -3 - 17. Calculate the remainder when ((-12)/4 + -6)/(-1) is divided by t.
1
Suppose -18*r + 331 = -83. What is the remainder when 226 is divided by r?
19
Let v(q) = 130*q**2 + q - 1. Let o be v(1). Suppose -o = -4*j - 7*k + 2*k, 5*j - k - 177 = 0. Calculate the remainder when j is divided by 12.
11
What is the remainder when 690 is divided by -11 + (-4 - 3) + 27?
6
Let q(t) = -2*t**2 + 18*t - 3. What is the remainder when 356 is divided by q(8)?
5
Let r = 357 + -349. Suppose -2*u - 43 = -4*f - 151, 3*u - 202 = -4*f. Suppose o + u = 3*o. What is the remainder when o is divided by r?
7
Suppose 0 = -5*a + 210 + 85. Calculate the remainder when (-239)/(-4) - 39/52 is divided by a/3 + 2/6.
19
Let x(k) = k + 2. Let w be x(10). Let s(p) = p**3 - 11*p**2 - 13*p + 18. Let a be s(w). Calculate the remainder when (-9)/a + (-311)/(-2) is divided by 39.
37
Let j(c) = c**2 + 1. Let u(x) = 3*x**2 + 15*x + 5. Let b(h) = -2*j(h) + u(h). Suppose 0 = 4*v - 57 + 13. Calculate the remainder when b(-16) is divided by v.
8
Suppose l = -4*v + 170, -4*l - 19*v + 18*v + 695 = 0. What is the remainder when l is divided by 4?
2
Suppose -42 = -2*d + 4*u, -u = 3 - 0. Suppose -2*f = -3*f + 8. What is the remainder when d is divided by f?
7
Let c(m) = -m**2 + 13*m - 9. What is the remainder when c(10) is divided by 4?
1
Let u(y) = 2*y**3 - y**2 + 8. What is the remainder when 170 is divided by u(2)?
10
Let q = -61 - -284. Calculate the remainder when q is divided by 28.
27
Let g = 98 - 60. Let t(u) = u**2 + 13*u - 7. Let q be t(-12). Let h = 32 + q. Calculate the remainder when g is divided by h.
12
Suppose 0 = -3*w - 2*j + j + 386, 5*j = -w + 110. Let b be (-9)/((2 + 3)/10). Calculate the remainder when 26 is divided by 4/(-18) - w/b.
5
Suppose 0 = 13*k - 642 - 1009. What is the remainder when k is divided by 13?
10
What is the remainder when 12/(-20) - 0 - 828/(-5) is divided by 24?
21
Suppose -10 = -4*v + 5*g, -v + 0*v = -3*g + 1. Suppose -4*x - 21 = -v*x. What is the remainder when 61 is divided by x?
19
Suppose 104*g - 108*g + 1236 = 0. What is the remainder when g is divided by 79?
72
Let v(m) = 4*m - 9. Suppose 7*t - 20 = 2*t. Suppose x = -4*i + 106, 2*i + i = 5*x + 91. What is the remainder when i is divided by v(t)?
6
Let h(t) = -4*t + 14. What is the remainder when h(2) is divided by (6/(-9))/((-10)/75)?
1
Suppose -871 = -3*l + 5*r, -5*l + r + r = -1477. What is the remainder when l is divided by 92?
21
Suppose -3*d + b + 4*b + 152 = 0, -b + 48 = d. What is the remainder when 244 is divided by d?
48
Suppose -5*a - 4*l + 37 = 0, -4*l = -a + 2 - 9. Calculate the remainder when 172 is divided by a.
2
Let p = 871 + -729. What is the remainder when 1984 is divided by p?
138
Let i = -26 - -31. Let u be 0/1 + (-12 - -9). Calculate the remainder when (2/u)/(7/(-126)) is divided by i.
2
Calculate the remainder when -56*2/(-2) - (16 + -21) is divided by 21.
19
Let i = -114 - -117. Let w(h) = 4*h**2 + 3*h - 15. What is the remainder when 146 is divided by w(i)?
26
Let h = -373 - -382. What is the remainder when ((-86)/4)/((-1)/2) is divided by h?
7
Suppose -4*q - 914 = -5*f, -28*f - q = -27*f - 181. Calculate the remainder when f is divided by 24.
14
Calculate the remainder when 196 is divided by ((-2)/2 + (-16)/(-48))*-51.
26
Suppose -2*l + 2 = 3*p, -2*l + 14 = 5*p + 4. Let d be (16/6)/(8/564). Calculate the remainder when (-2)/5 + d/20 is divided by p.
1
Let l(k) = -k**2 + 6*k - 2. Let t be (2/(-2))/(3/(-9)). Let w be l(t). What is the remainder when 11 is divided by (1 - 7)*w/(-14)?
2
Let s(d) = 27*d - 6. Suppose -5*c + 9*c = 140. What is the remainder when s(4) is divided by c?
32
Let f = -331 + 360. Calculate the remainder when 315 is divided by f.
25
Let x = 11 + -7. Let o be 90/63 - x/(-7). Suppose 0 = -3*j + o*p + 59, -2*p = -j - 1 + 26. Calculate the remainder when 31 is divided by j.
14
Let x = -519 - -528. Calculate the remainder when 120 is divided by x.
3
What is the remainder when (-55)/(-11)*213/5 is divided by 37?
28
Let g be (-1 - -3)/((-8)/28). Suppose 5*q - 371 = -4*s, -4 = -2*q + 2. What is the remainder when s is divided by (20/6)/(g/(-63))?
29
Suppose 3*a = -81 - 291. Let g = -50 - a. Calculate the remainder when g is divided by 15.
14
Let b(o) = 2*o - 5. Let g = 49 - 40. What is the remainder when 36 is